en l is divided by 54?
16
Let g(b) = 6*b - 5. Let i be g(3). Suppose i*l - 132 = 7*l. Let c = 49 - l. Calculate the remainder when c is divided by 8.
3
Suppose -3*k - 168 = -3*z, 5*z + k + 6825 = 7087. What is the remainder when 53 is divided by z?
0
What is the remainder when (-1*(-7)/21)/(-7 - 891880/(-127410)) is divided by 177?
176
Let j be (15/10)/(3/18) + 5. Calculate the remainder when 106 is divided by 58/j + 7*14/(-686).
2
Suppose -35636 = -191*f - 45*f. What is the remainder when 8908 is divided by f?
150
Suppose -256*o = -264*o - 128. Let h(f) = -8*f - 57. Calculate the remainder when h(o) is divided by 11.
5
What is the remainder when 3836 is divided by ((-10)/25)/((-10)/2525)?
99
Calculate the remainder when -7 - (-6)/((-18)/(-2109)) is divided by 50.
46
Suppose -4*d = -103 + 15. Calculate the remainder when (-528)/(-616) - (-450)/14 is divided by d.
11
Let x(y) be the second derivative of y**4/4 + y**3/2 + 2*y**2 + y. Let w = 4195 - 4134. Calculate the remainder when w is divided by x(-3).
17
Let k(b) = 3*b**2 + 19*b + 10. Let d be k(-4). What is the remainder when d/3 + 63 + 6 is divided by 36?
27
What is the remainder when (-66)/4*27/(270/(-1300)) is divided by 19?
17
Let m = 13464 - 12593. What is the remainder when m is divided by 9?
7
Suppose -5*x = -3*t + 239 + 162, -3*x = t - 143. Calculate the remainder when 438 is divided by t.
27
Let i(u) = 3*u**3 - 2*u**2 - 37*u + 7. What is the remainder when 215 is divided by i(5)?
68
Suppose 1465 = 26*b + 51*b - 306. Let l = 144 + -30. What is the remainder when l is divided by b?
22
Suppose 3*f - 525 = -2*p, 3*f - 41*p + 40*p - 516 = 0. Calculate the remainder when f is divided by 88.
85
Suppose 578*r = 579*r - 3. Suppose r*x + 504 = 762. Calculate the remainder when x is divided by 57.
29
Suppose t - 46 - 49 = -5*o, 2*o = -6. Suppose t*c + 75 = 115*c. What is the remainder when 19 is divided by c?
4
Suppose -118*t = -124*t + 1572. Let w = -244 + t. Calculate the remainder when 49 is divided by w.
13
Let w(n) = -n**2 + 13*n + 7. Suppose 0 = 3*b + 47 + 7. Let k = b - -24. Calculate the remainder when w(k) is divided by 26.
23
Suppose 877*m - 864*m = 9100. Suppose 10*a = 45*a - m. Calculate the remainder when a is divided by 14.
6
Suppose 59*b - 14371 - 53184 = 0. Calculate the remainder when b is divided by 1.
0
Suppose 0 = 5*f - 3*x - 21, -5*f + 4*x + 26 = 3. Let n(g) = -21*g + 64. Let l = 13 - 9. What is the remainder when l is divided by n(f)?
0
Suppose -2*n + 17*f - 15*f = -38, n - 3*f - 25 = 0. Calculate the remainder when 241 is divided by n.
1
Let o(u) = -2*u**2 + 38*u + 49. Let c(y) = -5*y**2 + 115*y + 147. Let j(w) = 4*c(w) - 11*o(w). Calculate the remainder when 32 is divided by j(-20).
5
Suppose p - 417 = -m, 4*p - 842 = -46*m + 44*m. Calculate the remainder when m is divided by 8.
5
Let h = -19 - 124. Let l = h + 193. Calculate the remainder when 94 is divided by l.
44
Suppose -3*v + 73 = 5*q, 0 = 5*v - 2 - 3. Let w = -21 + 33. Suppose -w*y + 11*y = -82. What is the remainder when y is divided by q?
12
Suppose -377*d + 365*d = -2868. Calculate the remainder when d is divided by 120.
119
Suppose 57*p - 94 = 56*p + 2*r, 0 = 4*p - 3*r - 361. Calculate the remainder when p is divided by 29.
1
Suppose 0 = -3*k + 2*f + 6, 2*f = -f + 18. What is the remainder when 960 is divided by k?
0
Let z = 371 - 375. Let g(t) = -51*t - 167. Calculate the remainder when 332 is divided by g(z).
36
Let m be (-5 + 4)/(2/(-8)). Suppose 2*p + 3*f = 273, m*p - 5*f - 670 = -p. What is the remainder when p is divided by 6?
3
Suppose -6*g = 4*p - 2*g - 620, -2*p + 318 = -2*g. Calculate the remainder when p is divided by (-3 + 5)*(2 - -18).
37
Let l = 13406 + -13398. Calculate the remainder when 735 is divided by l.
7
Let v be 1/(5/3) + 1715/(-25). Calculate the remainder when (1294/4)/(v/(-136)) is divided by 12.
11
Suppose -2*a - 26 + 164 = 0. Calculate the remainder when a is divided by (5 - -13) + (0 - (-10)/10).
12
Suppose -205*r - 1827 = -7710 - 5187. What is the remainder when 7289 is divided by r?
53
Let h = 17 + -1. Let z be 5/((-20)/(-12)) - -180. Let m = 278 - z. What is the remainder when m is divided by h?
15
Let z be 3 - -1 - (6 - -192). Let a = -157 - z. Calculate the remainder when 109 is divided by a.
35
Suppose 2*j - 12 = -4*o - 0*o, -j + 4*o - 6 = 0. Calculate the remainder when -1*((3 - j) + -32) is divided by 11.
9
What is the remainder when 1780 is divided by 16/32*-2 - (-1 + -8)?
4
Let v = -16 - -51. Suppose -3*l + 2*u + 26 = 0, -57 = -5*l + 2*u - 7. What is the remainder when v is divided by l?
11
Let n(h) = h**3 + 32*h**2 - 11*h + 39. Let a = -311 + 279. What is the remainder when n(a) is divided by 56?
55
Let n(z) = 13*z + 1631. What is the remainder when n(-95) is divided by 42?
18
Let p be 10/(-3)*168/(-70). Suppose 5*s - 42 = p*s. Calculate the remainder when 33/(-6)*(-4 + s) is divided by 26.
21
Let d(l) = -l + 4. Let k be d(3). Suppose 4*s + j = -k + 13, 0 = j. Calculate the remainder when 14 is divided by s.
2
Let n = 162 + -161. Calculate the remainder when 10 - 9/(-27)*12/(-1) is divided by n.
0
Suppose 3*f + 5*g - 102 = 0, 0 = f - g + 5*g - 41. What is the remainder when f is divided by -5*(-1 - -11)*(-104)/325?
13
Let b = -105 + 228. Suppose 17*i - 12*i = 2*l + 276, -3*l = -i + 50. What is the remainder when b is divided by i?
11
Let h = 22 - -52. Let z(y) = y**2 + 179*y - 149. Calculate the remainder when h is divided by z(-180).
12
Suppose -3*y - 2*d = -7*d - 280, y - d = 92. Calculate the remainder when y is divided by ((-930)/330)/(1/(-22)*2).
28
Suppose w - b = -3, 4*b = w - 5 + 8. Let x(q) = -44*q + 21. What is the remainder when x(w) is divided by 14?
13
Suppose -469*o = -366*o - 2884. What is the remainder when (-1)/((-2)/232*2) is divided by o?
2
What is the remainder when 1437 is divided by (-1000771)/(-2587) - (24/78)/(1 + -3)?
276
Suppose -268*z + 365*z - 22698 = 0. What is the remainder when 244 is divided by z?
10
Let m(s) = -24*s + 18. Let i be m(-4). Suppose -5*h + 3*x + 35 = -166, 3*h = 4*x + i. Let d = -17 - -30. What is the remainder when h is divided by d?
3
Let y = 325 + -323. Suppose -o = -4*w + 192, -3*w + 139 = -0*o - y*o. What is the remainder when w is divided by 1/3 + 148/6?
24
Let u be 12/20 - (-1596)/(-60). Suppose 5*t - 1 + 6 = 0. Let s = t - u. Calculate the remainder when s is divided by 13.
12
Suppose 4*w - 2*w - 78 = 0. Suppose -6*s + 2*s + 66 = 3*i, -3*s + 3*i + w = 0. Let h(l) = 2*l + 13. What is the remainder when 128 is divided by h(s)?
42
Let y(b) = b**2 + b - 53. Let d be y(7). Suppose 2*i + 10 = 4*v + 38, -4*i + 46 = -d*v. What is the remainder when 33 is divided by i?
3
Calculate the remainder when 294 is divided by (481/104 - 15)/((-2)/16).
45
Let b = 134 - 69. Suppose -v = -5*z - 4*v + 98, 3*z - 54 = 3*v. Let p = -2 + z. Calculate the remainder when b is divided by p.
14
Suppose 234368 + 189946 = 43*w + 96224. What is the remainder when w is divided by 17?
14
Suppose 3*y - 2*z - 6344 - 9839 = 0, -2*z = 4*y - 21554. Calculate the remainder when y is divided by 31.
28
Suppose 25*p - 147 = 330 + 98. What is the remainder when p is divided by 235/35 - 6/(-21)?
2
Let s(m) = m**3 - 3*m**2 - 10*m. Let f be s(5). Let z be (-13)/(-26)*(f - -22). Let p(i) = -i + 25. Calculate the remainder when 54 is divided by p(z).
12
Let k be 48/9 + (16/(-12) - -1). Suppose 108 - 2 = 2*c + k*z, 2*z = -3*c + 170. Calculate the remainder when (-6)/(-4)*c + 2 + 1 is divided by 13.
12
Suppose 242*h - 3612 = 113*h. What is the remainder when 1464/9 + 2/(-3) is divided by h?
22
Suppose -3*z - 22 = -142. Suppose -9*t = t - z. Suppose 2*w + g - 157 = 0, t*w - 250 - 67 = g. What is the remainder when w is divided by 16?
15
Let q = 155 + -152. Suppose -2*z - 4*h + 810 = q*z, 0 = 2*z - h - 337. What is the remainder when z is divided by 28?
26
Let v = 177 - 182. Suppose 2*c = -3*i + 37, -5*i + 7 = -2*c + 68. What is the remainder when c is divided by (-4 - -2)/(v/35)?
9
Suppose 53*s - 56*s = 48. Let n(q) = -q**2 - 18*q + 20. Suppose 1343 = 13*f - 646. What is the remainder when f is divided by n(s)?
49
Let a = -51 - 53. Let r be 3/(1/(-1 + -35)). Let j = a - r. Calculate the remainder when 5 is divided by j.
1
Calculate the remainder when (-144 - -7)*